99 a multiple of 1073?
True
Does 46 divide 1045492286?
False
Is 584 a factor of 201959464?
True
Is 51443640 a multiple of 3924?
True
Is 8 a factor of 32360431?
False
Is 1079221851 a multiple of 60?
False
Is 4407 a factor of 1124296212?
True
Does 401 divide 3848192347?
False
Does 1700 divide 16677000?
True
Is 19233425 a multiple of 43?
False
Is 8248615 a multiple of 108?
False
Is 186 a factor of 41597169?
False
Is 335756963 a multiple of 14?
False
Does 9 divide 936532066?
False
Is 1081385788 a multiple of 823?
True
Is 23 a factor of 542912792?
True
Is 59 a factor of 61501718?
True
Does 57 divide 42144261?
True
Is 39507958 a multiple of 20?
False
Is 5769457 even?
False
Is 2112 a factor of 3834428874?
False
Is 632488 a multiple of 8?
True
Is 7428548 a multiple of 98?
False
Is 1379574556 a multiple of 1624?
False
Is 34498359 a multiple of 9?
True
Is 7610335 a multiple of 3?
False
Is 1207207 a multiple of 534?
False
Is 93698738 a multiple of 7?
True
Is 112050260 a multiple of 490?
True
Does 216 divide 6175467?
False
Is 26 a factor of 52294724?
False
Is 7 a factor of 15454733?
True
Is 2565 a factor of 77078250?
True
Does 70 divide 22313690?
True
Is 257 a factor of 36332655?
False
Is 23515324 a multiple of 1607?
False
Is 951744388 a multiple of 17?
True
Is 356 a factor of 40622448?
True
Is 6271787 a multiple of 16?
False
Does 11 divide 2147381929?
True
Does 1164 divide 51982469?
False
Does 77 divide 143417975?
False
Is 67331861 a multiple of 122?
False
Is 382 a factor of 16756430?
True
Does 1641 divide 223138826?
False
Does 150 divide 259867500?
True
Is 3700644675 a multiple of 2275?
True
Does 162 divide 61086174?
False
Is 954 a factor of 72174450?
False
Is 438 a factor of 4584984?
True
Does 95 divide 135256058?
False
Does 11 divide 23590126?
False
Is 2046118166 a multiple of 21?
False
Is 256 a factor of 3097600?
True
Does 32 divide 312879457?
False
Does 3438 divide 242423468?
False
Is 17 a factor of 91958469?
False
Does 19 divide 8662043?
True
Is 3918229004 a multiple of 145?
False
Does 1087 divide 5235473538?
False
Is 46 a factor of 6603530?
True
Is 293767704 a multiple of 122?
True
Does 45 divide 880863239?
False
Is 20235484 a multiple of 25?
False
Does 826 divide 93488332?
True
Does 15 divide 669166860?
True
Is 291810905 a multiple of 106?
False
Is 6 a factor of 196244820?
True
Does 17 divide 204901833?
True
Does 420 divide 1742970600?
True
Does 4689 divide 917721702?
True
Is 7935632 a multiple of 41?
True
Does 4478 divide 538878042?
True
Is 7697336 a multiple of 3?
False
Does 14 divide 3826928763?
False
Is 227978879 a multiple of 8?
False
Does 351 divide 66236508?
True
Is 807418467 a multiple of 4721?
True
Is 10 a factor of 40933710?
True
Is 194595751 a multiple of 2933?
True
Is 7 a factor of 8520249?
False
Is 1496154437 a multiple of 13?
False
Is 44 a factor of 171416960?
True
Does 1588 divide 120486949?
False
Does 15 divide 35586150?
True
Does 22 divide 4901409?
False
Is 55640617 a multiple of 464?
False
Is 61 a factor of 73376961?
True
Is 1858725334 a multiple of 218?
True
Is 1172 a factor of 390092530?
False
Is 98 a factor of 14755204?
False
Is 228818232 a multiple of 18?
True
Is 361669486 a multiple of 328?
False
Is 49608908 a multiple of 29?
True
Is 2415410868 a multiple of 169?
True
Is 78762474 a multiple of 1533?
True
Is 54 a factor of 17287754?
False
Is 278691975 a multiple of 3175?
True
Is 890959291 a multiple of 30?
False
Is 506 a factor of 20189970?
False
Does 451 divide 3814776284?
True
Does 16 divide 4524122?
False
Is 25328018 a multiple of 513?
False
Is 34 a factor of 19640372?
True
Does 34 divide 227872?
False
Is 33965132 a multiple of 388?
True
Is 4088471 a multiple of 6?
False
Does 361 divide 1010577676?
False
Is 7817909 a multiple of 431?
True
Is 847842492 a multiple of 2058?
True
Does 849 divide 28583435?
False
Does 3239 divide 70882?
False
Is 9675300 a multiple of 60?
True
Does 190 divide 21030512?
False
Does 183 divide 44975727?
True
Does 50 divide 5346486?
False
Is 2262002850 a multiple of 50?
True
Does 503 divide 1210183293?
True
Is 114 a factor of 56302776?
True
Is 145209206 a multiple of 17?
True
Is 87 a factor of 91624398?
True
Does 5313 divide 1910198829?
True
Is 35675621 a multiple of 17?
False
Is 994 a factor of 2782332112?
False
Does 297 divide 298212057?
True
Does 91 divide 505533210?
True
Is 387 a factor of 14125500?
True
Is 22711355 a multiple of 38?
False
Is 4 a factor of 18908488?
True
Is 1076199524 a multiple of 231?
False
Does 21 divide 20801697?
True
Is 499 a factor of 904719435?
True
Is 265209701 a multiple of 5080?
False
Is 264929588 a multiple of 671?
True
Is 102 a factor of 458487756?
True
Is 2 a factor of 55780803?
False
Does 480 divide 186371520?
True
Is 317 a factor of 24287589?
True
Does 23 divide 510286719?
False
Is 357192055 a multiple of 101?
True
Is 6861 a factor of 395296515?
True
Is 7 a factor of 21903868?
True
Is 31 a factor of 426938446?
False
Does 45 divide 1809085?
False
Is 155305230 a multiple of 10?
True
Is 7577690 a multiple of 10?
True
Does 198 divide 22500171?
False
Is 203 a factor of 49462273?
False
Is 1075300 a multiple of 17?
False
Is 82 a factor of 68754748?
False
Does 224 divide 3173234166?
False
Is 29580018 a multiple of 601?
True
Is 458500092 a multiple of 103?
False
Is 80 a factor of 196348710?
False
Does 16 divide 8317488?
True
Does 593 divide 789246827?
True
Does 1076 divide 9741028?
True
Does 32 divide 73870592?
True
Is 413 a factor of 70038494?
False
Does 265 divide 843295370?
False
Does 1562 divide 343075058?
False
Is 142829648 a multiple of 221?
True
Is 11 a factor of 38753605?
True
Does 1775 divide 21450875?
True
Does 615 divide 23858310?
True
Does 15 divide 12846405?
True
Is 377902039 a multiple of 177?
False
Does 45 divide 164625?
False
Does 130 divide 6994130?
True
Is 2237763375 a multiple of 27?
True
Is 871 a factor of 7928713?
True
Does 35 divide 104257650?
True
Is 414583249 a multiple of 2279?
False
Is 13 a factor of 382979845?
False
Does 501 divide 955257201?
True
Does 15 divide 169100289?
False
Does 1342 divide 59887248?
False
Does 5878 divide 388463700?
False
Does 17 divide 290272034?
False
Is 6716160 a multiple of 15?
True
Is 11952632 a multiple of 68?
True
Is 3918 a factor of 627585240?
True
Does 1916 divide 636298220?
False
Does 4 divide 77143152?
True
Does 237 divide 68619925?
False
Does 76 divide 2357055412?
True
Is 934 a factor of 422112060?
False
Does 285 divide 146205?
True
Is 1256 a factor of 704316052?
False
Is 87 a factor of 98657761?
False
Is 172 a factor of 347409040?
True
Is 4630976 a multiple of 29?
False
Is 7 a factor of 26150437?
False
Is 23 a factor of 153395556?
True
Does 4 divide 9286205?
False
Is 31 a factor of 44182161?
True
Is 36 a factor of 24120810?
False
Is 7 a factor of 55014597?
False
Does 105 divide 298773510?
True
Is 2872849482 a multiple of 17?
True
Is 3224210310 a multiple of 10?
True
Does 6 divide 26635165?
False
Does 40 divide 97296312?
False
Does 11 divide 49334076?
True
Is 26 a factor of 17828746?
True
Is 70290125 a multiple of 125?
True
Does 2 divide 48049774?
True
Is 1120 a factor of 88004123?
False
Is 32774211 a multiple of 15?
False
Is 993179564 a multiple of 428?
True
Is 30 a factor of 343687890?
True
Is 43612379 a multiple of 353?
False
Is 5783480 a multiple of 764?
True
Is 35 a factor of 136956685?
False
Is 188 a factor of 142785655?
False
Does 6 divide 46550870?
False
Is 951 a factor of 63727379?
False
Is 206 a factor of 2711215231?
False
Does 4869 divide 824445524?
False
Does 111 divide 273935013?
True
Is 107159889 a multiple of 83?
True
Does 2866 divide 6804227920?
True
Does 659 divide 894922?
True
Does 2134 divide 384367544?
True
Is 481238396 a multiple of 7?
False
Is 163 a factor of 438681314?
False
Is 1064799774 a multiple of 1099?
False
Is 197407308 a multiple of 1434?
True
Is 1751377359 a multiple of 9?
False
Is 323 a factor of 516990979?
False
Is 491508902 a multiple of 257?
True
Is 135791097 a multiple of 2144?
False
Is 59908431 a multiple of 1400?
False
Is 72 a factor of 175318344?
True
Is 205017264 a multiple of 432?
True
Is 966 a factor of 1258391778?
True
Is 1241 a factor of 689929396?
False
Does 5 divide 281127405?
True
Is 1499 a factor of 481412844?
True
Is 44 a factor of 255491973?
False
Is 383516